 prime factors of q?
2, 3, 5
Suppose -p + y - 1 = 0, -4*y = -5*p - 0 - 1. Let v = p + 3. List the prime factors of (-1 + 2)/(v/84).
2, 7
Suppose -4*y = -4*d + 2*d + 192, 0 = 2*d - 2*y - 182. What are the prime factors of d?
2, 43
Suppose 0 = 3*p + 5*m - 443, 3*p - m - 455 = -0*p. List the prime factors of p.
151
Suppose j + 3 = -7. List the prime factors of 18/j*(0 - 5).
3
What are the prime factors of 0 + 1250/14 - 6/21?
89
Suppose 3*d = 6*d - 5*c - 53, 5*d - 4*c = 71. Suppose 0 = -14*v + d*v + 24. What are the prime factors of v?
2
Let y(z) = -5*z - 3. Suppose -1 = -s - 6. List the prime factors of y(s).
2, 11
Let a be (-1 + 2)/(2/4). Suppose -b = a*b - 18. List the prime factors of b.
2, 3
Let i(v) = v**2 + 6*v + 11 - 3 + 0*v**2. List the prime factors of i(-6).
2
Suppose 6*y - 3*i - 561 = y, 216 = 2*y + 3*i. Let g = -79 + y. List the prime factors of g.
2
Suppose 0 = 5*k - 0*k - 20. Suppose -k*r - 25 = -3*f + r, -4*f = 2*r - 42. What are the prime factors of f?
2, 5
Suppose -2*d + 0*d = 5*z - 11, 0 = 2*d + 4*z - 10. Suppose c - d*c = -42. Suppose 2*n - 25 = -3*r + 8, 0 = -2*n + r + c. List the prime factors of n.
2, 3
Let z be (1 + 1 - 6)/(-2). Suppose -3*i - 3 = 0, -m + 5 + 1 = -z*i. Suppose -11 = -3*w + m. What are the prime factors of w?
5
Let h = 3 + -21. Let t be 6/h - (-10)/3. Suppose 0 = d + t*c + 1, -4*c - 12 = -0*c. List the prime factors of d.
2
Let n = 15 - -59. Suppose 6 = 5*q - n. Let y = q - -4. What are the prime factors of y?
2, 5
Let y(k) = k**2 - 6*k + 4. Let l be y(5). Let f = 8 - l. List the prime factors of f.
3
Let n be 1 - -2*2/4. Suppose -13 = -m + n. Let o = m - 4. List the prime factors of o.
11
Suppose -5 = 4*t + y, -2*t - 2*y + 3*y = -5. Suppose -5*i + 155 = -t*i. Let v = i - 20. List the prime factors of v.
11
Let p = -6 - -4. Let c be 5/(3/(-6)*p). Let n = c - 3. List the prime factors of n.
2
Let b = 34 - -87. What are the prime factors of b?
11
Suppose -40 = -8*h + 3*h. Let d be (-33)/(-12) - (-2)/8. Let b = h - d. List the prime factors of b.
5
Suppose -3*j + 36 = 3*n - 2*j, 0 = 4*n - 5*j - 67. Let f be n/((-14)/6 - -2). Let b = -28 - f. List the prime factors of b.
11
Suppose -5*i = -0*i. Let t(r) = -11*r - 1. Let s be t(-1). What are the prime factors of (s/8 + i)*8?
2, 5
Suppose x + 11 = 4*m + 39, 3*x = -5*m - 18. List the prime factors of 30/8*(-16)/m.
2, 5
Let u be ((-6)/9)/(6/9). Let x = -1 + u. Let s = 7 + x. What are the prime factors of s?
5
Suppose 2*c = -0*v - v - 3, 0 = -2*c + 5*v + 15. Let a be 0 + c + (5 - 3). Let t = 1 + a. What are the prime factors of t?
3
Let l be (1 - 19)*(-3)/9. Suppose l = -5*a + 1. What are the prime factors of a/(3/(-11 + 2))?
3
Suppose 45 = l - 61. What are the prime factors of l?
2, 53
Suppose 2*o + 10 = 5*o + x, -5*o + 3*x + 26 = 0. Suppose 1 = -6*w + 3*w - 2*s, -s = o*w - 7. List the prime factors of w.
3
Let h(s) = -s**3 + s**2 - s + 37. List the prime factors of h(0).
37
Suppose -4*m + d = -142, 181 = m + 4*m - 3*d. What are the prime factors of m?
5, 7
Let d(m) = -2*m + 2*m**2 + 3 + m**2 + 5*m**2. Let c be d(2). Suppose b = -5*j - 10, -c = -4*b + 5*j + 29. List the prime factors of b.
2, 5
Let m = -76 - -171. List the prime factors of m.
5, 19
Suppose 5*j - 2*j - 84 = -4*l, 4*l = -2*j + 52. What are the prime factors of j?
2
Suppose s = 2*s - 1. Let k(f) = 15*f**3 - 2*f**2 + 2*f - 1. What are the prime factors of k(s)?
2, 7
Let d be (-8)/3 + (-4)/(-6). Let w(v) = -v. Let s be w(d). Let j = s - 0. What are the prime factors of j?
2
Suppose 0 = 4*x + 11 - 107. Suppose -5*h + 0 = 3*b - 70, 4*b + x = 4*h. What are the prime factors of h?
11
Let x = 18 + 0. Suppose -5 = -t - 1. Suppose z - 3 = -0*q + 2*q, 5*q + x = t*z. What are the prime factors of z?
7
Suppose x - 23 = -5*b, 2*x - 6 = 2*b - 20. What are the prime factors of b?
5
Suppose s - 61 = -0*s. What are the prime factors of s?
61
Suppose 2*f + 0*i + i = 90, -2*i - 35 = -f. List the prime factors of f.
43
Let n be (-2)/(-4)*(2 + 8). Suppose a + 0*x = -2*x + 13, -4*x + 77 = n*a. What are the prime factors of a?
17
Let b(a) = -a**3 + 23*a**2 - 19*a - 8. List the prime factors of b(22).
2, 29
Suppose 0 = -6*x + 449 + 733. List the prime factors of x.
197
Let y(k) = 2*k**2 - k - 13. List the prime factors of y(-5).
2, 3, 7
Let i(n) = n. Let h be i(3). List the prime factors of h - ((-3 - -1) + -2).
7
Let n = 91 - 29. Suppose 38 = 4*t - n. What are the prime factors of t?
5
Suppose -v - x + 55 = v, x - 115 = -4*v. What are the prime factors of v?
2, 3, 5
Suppose 0 = -d + u + 66, 5*d - 3*u - 132 - 198 = 0. List the prime factors of d.
2, 3, 11
Let z(j) = -j**2 + 4*j - 5. Let t be z(4). Let m = t + 8. Suppose 3*p + 31 = 4*s, -3*p + 6*p = -3*s - m. What are the prime factors of s?
2
Let l = 2 - 2. Suppose l*o = o - 6. What are the prime factors of o?
2, 3
Let j be 14/(-21)*9/(-2). Let i(d) = -1 - 10*d + 1 + d**j - 5 + 7*d**2. What are the prime factors of i(-8)?
11
Let n(q) = -q**2 + 15*q - 3. List the prime factors of n(12).
3, 11
Suppose 0*g - 4*a - 14 = 2*g, -7 = g - a. Let c = g + 10. What are the prime factors of c?
3
List the prime factors of (-2)/5 + 3948/70.
2, 7
What are the prime factors of (4/6)/(19/(-57)) - -84?
2, 41
Suppose 20*v - 18*v = 108. List the prime factors of v.
2, 3
Suppose -2*d + 6 = -0*y + 5*y, d - 3 = 3*y. Suppose y = -3*n + 8*n - 10. Suppose n = -v + 5. List the prime factors of v.
3
Let i be 2/6 - 220/30. What are the prime factors of i/49 - (-86)/14?
2, 3
Let g be (-4)/10 - (-124)/10. Let c be g/(-8)*80/(-6). List the prime factors of 15/c*(15 - -1).
2, 3
Suppose 4*p - 3*q - 216 = 0, 0 = p + q - 39 - 8. Suppose -2*l = l - p. List the prime factors of l.
17
Let t(z) = 3 + 7*z - z + 2*z**2 + 2 + 0. Let p = -9 + 5. List the prime factors of t(p).
13
Let s be 7/(-14)*(1 + -7). Suppose 0 = s*d + 9, l - d - 11 = 9. What are the prime factors of l?
17
What are the prime factors of 2/(-8) - 189/(-36)?
5
Let i = -71 + 44. Let f = i + 54. Suppose -f - 25 = -4*c. List the prime factors of c.
13
Let q(z) = -174*z - 5. List the prime factors of q(-1).
13
Suppose 0 = -5*o + 57 - 17. Suppose l - 6*l - 4 = -2*q, -o = 4*l. List the prime factors of q/3*0 + 20.
2, 5
Let w(v) = -2. Let d(t) = t + 20. Let q(g) = 2*d(g) + 14*w(g). What are the prime factors of q(0)?
2, 3
Let f(i) = -7*i + 1. Let y(r) = 64*r - 8. Let p(n) = 28*f(n) + 3*y(n). Let g be p(5). Let a = 23 + g. List the prime factors of a.
7
List the prime factors of 1*1/(-2 - 204/(-100)).
5
Let g(r) = r**3 - 2*r**2 - 2*r + 2. Let d be g(2). What are the prime factors of 3 - d*(2 - 1)?
5
Let g be 250/8 + 21/28. Suppose -2*k = 4*n - 30, 0*n = 2*k + 2*n - g. What are the prime factors of k?
17
Let b(n) = n**3 - n**2 - 3*n + 2. Let k be b(2). Suppose 0 = -4*l + 2*x + 38, k = 5*l - x - x - 46. What are the prime factors of l?
2
Let v(h) = 3*h**2 + 1. Let m be v(1). Let d be (m + -1)*10/6. Suppose 0 = 7*k - 2*k - 5*x - 70, -50 = -3*k + d*x. List the prime factors of k.
2, 5
Suppose -3*c + 5*v = -499, -c - 4*v = 63 - 235. What are the prime factors of c?
2, 3, 7
Let b be (6/(-4))/(3/(-4)). Suppose -5*m = -5*g + 40, 5*g = -b*m + 2 + 17. What are the prime factors of -3*2/m + 1?
3
Suppose 0*u = -u + 3. Let v be u/9 - 127/3. What are the prime factors of (-3 - 15/(-6))*v?
3, 7
Suppose -f + 909 = 5*w, -2*f + 3 = -5*f. List the prime factors of w.
2, 7, 13
Suppose -5*b - 1 = -v - 3, -10 = -2*b. List the prime factors of v.
23
Let n = -10 + 0. Let d = n + 18. What are the prime factors of d?
2
Suppose 2*k = -0*k + 4. Suppose -k*f + 54 = f. What are the prime factors of f?
2, 3
Suppose 1 + 5 = 3*b. Let t = -9 - -9. Suppose t*r + b = r. What are the prime factors of r?
2
Suppose -3*u + 9 - 105 = 4*m, 5*m + 139 = u. Let x be (-2)/11 + m/33. What are the prime factors of (x - -4)/(-3)*-6?
2, 3
List the prime factors of ((-6)/12)/((-1)/74).
37
Let y(a) be the first derivative of -a**4/2 + 2*a**3/3 + a**2 - 2*a + 3. What are the prime factors of y(-2)?
2, 3
Suppose 5*c + 74 = 399. List the prime factors of c.
5, 13
What are the prime factors of 1*(45 + 0) - -1?
2, 23
Let r(f) = -f**3 + 4*f**2 + 4*f - 5. Let x = -1 - -5. What are the prime factors of r(x)?
11
Suppose 9*l = 4*l + 15. Suppose -3*i + 3 = l*s - 0, 2*s + i = 7. List the prime factors of (-1)/3 + 38/